{"id":2712,"date":"2024-07-05T12:45:18","date_gmt":"2024-07-05T12:45:18","guid":{"rendered":"https:\/\/secop.org.br\/?page_id=2712"},"modified":"2025-07-02T14:57:49","modified_gmt":"2025-07-02T14:57:49","slug":"patrocinadores","status":"publish","type":"page","link":"https:\/\/secop.org.br\/2025\/patrocinadores\/","title":{"rendered":"Patrocinadores"},"content":{"rendered":"\t\t<div data-elementor-type=\"wp-page\" data-elementor-id=\"2712\" class=\"elementor elementor-2712\" data-elementor-post-type=\"page\">\n\t\t\t\t<div class=\"elementor-element elementor-element-f908544 elementor-hidden-mobile e-flex e-con-boxed e-con e-parent\" data-id=\"f908544\" data-element_type=\"container\" data-e-type=\"container\" data-settings=\"{&quot;background_background&quot;:&quot;classic&quot;}\">\n\t\t\t\t\t<div class=\"e-con-inner\">\n\t\t\t\t<div class=\"elementor-element elementor-element-1b3f016 elementor-invisible elementor-widget elementor-widget-heading\" data-id=\"1b3f016\" data-element_type=\"widget\" data-e-type=\"widget\" data-settings=\"{&quot;_animation&quot;:&quot;fadeIn&quot;,&quot;_animation_delay&quot;:250}\" data-widget_type=\"heading.default\">\n\t\t\t\t<div class=\"elementor-widget-container\">\n\t\t\t\t\t<h2 class=\"elementor-heading-title elementor-size-default\">Inscri\u00e7\u00e3o de Patrocinadores<\/h2>\t\t\t\t<\/div>\n\t\t\t\t<\/div>\n\t\t\t\t<div class=\"elementor-element elementor-element-e846a14 elementor-widget-divider--view-line elementor-invisible elementor-widget elementor-widget-divider\" data-id=\"e846a14\" data-element_type=\"widget\" data-e-type=\"widget\" data-settings=\"{&quot;_animation&quot;:&quot;bounceInLeft&quot;,&quot;_animation_delay&quot;:1250}\" data-widget_type=\"divider.default\">\n\t\t\t\t<div class=\"elementor-widget-container\">\n\t\t\t\t\t\t\t<div class=\"elementor-divider\">\n\t\t\t<span class=\"elementor-divider-separator\">\n\t\t\t\t\t\t<\/span>\n\t\t<\/div>\n\t\t\t\t\t\t<\/div>\n\t\t\t\t<\/div>\n\t\t\t\t\t<\/div>\n\t\t\t\t<\/div>\n\t\t<div class=\"elementor-element elementor-element-d3951bd elementor-hidden-desktop elementor-hidden-tablet elementor-hidden-mobile e-flex e-con-boxed e-con e-parent\" data-id=\"d3951bd\" data-element_type=\"container\" data-e-type=\"container\">\n\t\t\t\t\t<div class=\"e-con-inner\">\n\t\t\t\t<div class=\"elementor-element elementor-element-965e536 elementor-widget elementor-widget-heading\" data-id=\"965e536\" data-element_type=\"widget\" data-e-type=\"widget\" data-widget_type=\"heading.default\">\n\t\t\t\t<div class=\"elementor-widget-container\">\n\t\t\t\t\t<h2 class=\"elementor-heading-title elementor-size-default\">Em manuten\u00e7\u00e3o!<\/h2>\t\t\t\t<\/div>\n\t\t\t\t<\/div>\n\t\t\t\t\t<\/div>\n\t\t\t\t<\/div>\n\t\t<div class=\"elementor-element elementor-element-363c499 e-flex e-con-boxed e-con e-parent\" data-id=\"363c499\" data-element_type=\"container\" data-e-type=\"container\">\n\t\t\t\t\t<div class=\"e-con-inner\">\n\t\t\t\t<div class=\"elementor-element elementor-element-a07a0a0 elementor-widget elementor-widget-shortcode\" data-id=\"a07a0a0\" data-element_type=\"widget\" data-e-type=\"widget\" data-widget_type=\"shortcode.default\">\n\t\t\t\t<div class=\"elementor-widget-container\">\n\t\t\t\t\t\t\t<div class=\"elementor-shortcode\"><style id=\"wpforms-css-vars-3894\">\n\t\t\t\t#wpforms-3894 {\n\t\t\t\t--wpforms-field-size-input-height: 43px;\n--wpforms-field-size-input-spacing: 15px;\n--wpforms-field-size-font-size: 16px;\n--wpforms-field-size-line-height: 19px;\n--wpforms-field-size-padding-h: 14px;\n--wpforms-field-size-checkbox-size: 16px;\n--wpforms-field-size-sublabel-spacing: 5px;\n--wpforms-field-size-icon-size: 1;\n--wpforms-label-size-font-size: 16px;\n--wpforms-label-size-line-height: 19px;\n--wpforms-label-size-sublabel-font-size: 14px;\n--wpforms-label-size-sublabel-line-height: 17px;\n--wpforms-button-size-font-size: 17px;\n--wpforms-button-size-height: 41px;\n--wpforms-button-size-padding-h: 15px;\n--wpforms-button-size-margin-top: 10px;\n--wpforms-container-shadow-size-box-shadow: none;\n\t\t\t}\n\t\t\t<\/style><div class=\"wpforms-container wpforms-container-full wpforms-render-modern\" id=\"wpforms-3894\"><form id=\"wpforms-form-3894\" class=\"wpforms-validate wpforms-form wpforms-ajax-form\" data-formid=\"3894\" method=\"post\" enctype=\"multipart\/form-data\" action=\"\/2025\/wp-json\/wp\/v2\/pages\/2712\" data-token=\"cf350d72b95d6dad0f30db8fa2793663\" data-token-time=\"1776924822\"><noscript class=\"wpforms-error-noscript\">Please enable JavaScript in your browser to complete this form.<\/noscript><div id=\"wpforms-error-noscript\" style=\"display: none;\">Please enable JavaScript in your browser to complete this form.<\/div><div class=\"wpforms-field-container\"><div class=\"wpforms-page wpforms-page-1 \" data-page=\"1\"><div id=\"wpforms-3894-field_32-container\" class=\"wpforms-field wpforms-field-pagebreak\" data-field-id=\"32\"><\/div><div id=\"wpforms-3894-field_34-container\" class=\"wpforms-field wpforms-field-payment-coupon\" data-field-id=\"34\"><label class=\"wpforms-field-label\" for=\"wpforms-3894-field_34\">C\u00f3digo de Inscri\u00e7\u00e3o <span class=\"wpforms-required-label\" aria-hidden=\"true\">*<\/span><\/label><div class=\"wpforms-field-payment-coupon-wrapper\">\n\t\t\t\t<div class=\"wpforms-field-payment-coupon-input-wrapper\">\n\t\t\t\t\t<input type=\"text\" id=\"wpforms-3894-field_34\" class=\"wpforms-field-medium wpforms-field-required wpforms-field-payment-coupon-input\" data-rule-coupon=\"1\" name=\"wpforms[fields][34]\" aria-errormessage=\"wpforms-3894-field_34-error\" required>\n\t\t\t\t<\/div>\n\t\t\t\t<button type=\"button\" aria-live=\"assertive\" class=\"wpforms-field-payment-coupon-button\">Validar<\/button>\n\t\t\t<\/div>\n\t\t\t<div class=\"wpforms-field-payment-coupon-applied-coupons\"><\/div><\/div><div id=\"wpforms-3894-field_31-container\" class=\"wpforms-field wpforms-field-pagebreak\" data-field-id=\"31\"><div class=\"wpforms-clear wpforms-pagebreak-left\"><button class=\"wpforms-page-button wpforms-page-next wpforms-disabled\"\n\t\t\t\t\tdata-action=\"next\" data-page=\"1\" data-formid=\"3894\" aria-disabled=\"true\" aria-describedby=\"wpforms-error-noscript\">Pr\u00f3ximo<\/button><\/div><\/div><\/div><div class=\"wpforms-page wpforms-page-2 last \" data-page=\"2\" style=\"display:none;\"><div id=\"wpforms-3894-field_1-container\" class=\"wpforms-field wpforms-field-name\" data-field-id=\"1\"><fieldset><legend class=\"wpforms-field-label\">Nome  <span class=\"wpforms-required-label\" aria-hidden=\"true\">*<\/span><\/legend><div class=\"wpforms-field-row wpforms-field-large\"><div class=\"wpforms-field-row-block wpforms-first wpforms-one-half\"><input type=\"text\" id=\"wpforms-3894-field_1\" class=\"wpforms-field-name-first wpforms-field-required\" name=\"wpforms[fields][1][first]\" placeholder=\"Primeiro Nome\" aria-errormessage=\"wpforms-3894-field_1-error\" required><label for=\"wpforms-3894-field_1\" class=\"wpforms-field-sublabel after wpforms-sublabel-hide\">First<\/label><\/div><div class=\"wpforms-field-row-block wpforms-one-half\"><input type=\"text\" id=\"wpforms-3894-field_1-last\" class=\"wpforms-field-name-last wpforms-field-required\" name=\"wpforms[fields][1][last]\" placeholder=\"Sobrenome\" aria-errormessage=\"wpforms-3894-field_1-last-error\" required><label for=\"wpforms-3894-field_1-last\" class=\"wpforms-field-sublabel after wpforms-sublabel-hide\">Last<\/label><\/div><\/div><\/fieldset><\/div><div id=\"wpforms-3894-field_22-container\" class=\"wpforms-field wpforms-field-text\" data-field-id=\"22\"><label class=\"wpforms-field-label\" for=\"wpforms-3894-field_22\">CPF <span class=\"wpforms-required-label\" aria-hidden=\"true\">*<\/span><\/label><input type=\"text\" id=\"wpforms-3894-field_22\" class=\"wpforms-field-small wpforms-field-required wpforms-masked-input wpforms-limit-words-enabled\" data-rule-inputmask-incomplete=\"1\" data-inputmask-mask=\"999.999.999-99\" data-form-id=\"3894\" data-field-id=\"22\" data-text-limit=\"11\" name=\"wpforms[fields][22]\" placeholder=\"000.000.000-00\" aria-errormessage=\"wpforms-3894-field_22-error\" required><\/div><div id=\"wpforms-3894-field_2-container\" class=\"wpforms-field wpforms-field-email\" data-field-id=\"2\"><label class=\"wpforms-field-label\" for=\"wpforms-3894-field_2\">Email <span class=\"wpforms-required-label\" aria-hidden=\"true\">*<\/span><\/label><input type=\"email\" id=\"wpforms-3894-field_2\" class=\"wpforms-field-large wpforms-field-required\" name=\"wpforms[fields][2]\" spellcheck=\"false\" aria-errormessage=\"wpforms-3894-field_2-error\" required><\/div><div id=\"wpforms-3894-field_3-container\" class=\"wpforms-field wpforms-field-text\" data-field-id=\"3\"><label class=\"wpforms-field-label\" for=\"wpforms-3894-field_3\">Nome a ser inserido no Crach\u00e1 <span class=\"wpforms-required-label\" aria-hidden=\"true\">*<\/span><\/label><input type=\"text\" id=\"wpforms-3894-field_3\" class=\"wpforms-field-medium wpforms-field-required\" name=\"wpforms[fields][3]\" aria-errormessage=\"wpforms-3894-field_3-error\" required><\/div><div id=\"wpforms-3894-field_4-container\" class=\"wpforms-field wpforms-field-select wpforms-field-select-style-classic\" data-field-id=\"4\"><label class=\"wpforms-field-label\" for=\"wpforms-3894-field_4\">Sexo <span class=\"wpforms-required-label\" aria-hidden=\"true\">*<\/span><\/label><select id=\"wpforms-3894-field_4\" class=\"wpforms-field-medium wpforms-field-required\" name=\"wpforms[fields][4]\" required=\"required\"><option value=\"Feminino\"  class=\"choice-1 depth-1\"  >Feminino<\/option><option value=\"Masculino\"  class=\"choice-2 depth-1\"  >Masculino<\/option><option value=\"Prefiro n\u00e3o Informar\"  class=\"choice-12 depth-1\"  >Prefiro n\u00e3o Informar<\/option><\/select><\/div><div id=\"wpforms-3894-field_5-container\" class=\"wpforms-field wpforms-field-phone\" data-field-id=\"5\"><label class=\"wpforms-field-label\" for=\"wpforms-3894-field_5\">N\u00famero do Celular <span class=\"wpforms-required-label\" aria-hidden=\"true\">*<\/span><\/label><input type=\"tel\" id=\"wpforms-3894-field_5\" class=\"wpforms-field-medium wpforms-field-required wpforms-smart-phone-field\" data-rule-smart-phone-field=\"true\" name=\"wpforms[fields][5]\" aria-label=\"N\u00famero do Celular\" aria-errormessage=\"wpforms-3894-field_5-error\" required><\/div><div id=\"wpforms-3894-field_6-container\" class=\"wpforms-field wpforms-field-select wpforms-field-select-style-classic\" data-field-id=\"6\"><label class=\"wpforms-field-label\" for=\"wpforms-3894-field_6\">Estado <span class=\"wpforms-required-label\" aria-hidden=\"true\">*<\/span><\/label><select id=\"wpforms-3894-field_6\" class=\"wpforms-field-large wpforms-field-required\" name=\"wpforms[fields][6]\" required=\"required\"><option value=\"Acre\"  class=\"choice-4 depth-1\"  >Acre<\/option><option value=\"Alagoas\"  class=\"choice-5 depth-1\"  >Alagoas<\/option><option value=\"Amap\u00e1\"  class=\"choice-6 depth-1\"  >Amap\u00e1<\/option><option value=\"Amazonas\"  class=\"choice-7 depth-1\"  >Amazonas<\/option><option value=\"Bahia\"  class=\"choice-8 depth-1\"  >Bahia<\/option><option value=\"Cear\u00e1\"  class=\"choice-9 depth-1\"  >Cear\u00e1<\/option><option value=\"Distrito Federal\"  class=\"choice-10 depth-1\"  >Distrito Federal<\/option><option value=\"Esp\u00edrito Santo\"  class=\"choice-11 depth-1\"  >Esp\u00edrito Santo<\/option><option value=\"Goi\u00e1s\"  class=\"choice-12 depth-1\"  >Goi\u00e1s<\/option><option value=\"Maranh\u00e3o\"  class=\"choice-13 depth-1\"  >Maranh\u00e3o<\/option><option value=\"Mato Grosso\"  class=\"choice-14 depth-1\"  >Mato Grosso<\/option><option value=\"Mato Grosso do Sul\"  class=\"choice-15 depth-1\"  >Mato Grosso do Sul<\/option><option value=\"Minas Gerais\"  class=\"choice-16 depth-1\"  >Minas Gerais<\/option><option value=\"Par\u00e1\"  class=\"choice-17 depth-1\"  >Par\u00e1<\/option><option value=\"Para\u00edba\"  class=\"choice-18 depth-1\"  >Para\u00edba<\/option><option value=\"Paran\u00e1\"  class=\"choice-19 depth-1\"  >Paran\u00e1<\/option><option value=\"Pernambuco\"  class=\"choice-20 depth-1\"  >Pernambuco<\/option><option value=\"Piau\u00ed\"  class=\"choice-21 depth-1\"  >Piau\u00ed<\/option><option value=\"Rio de Janeiro\"  class=\"choice-22 depth-1\"  >Rio de Janeiro<\/option><option value=\"Rio Grande do Norte\"  class=\"choice-23 depth-1\"  >Rio Grande do Norte<\/option><option value=\"Rio Grande do Sul\"  class=\"choice-24 depth-1\"  >Rio Grande do Sul<\/option><option value=\"Rond\u00f4nia\"  class=\"choice-25 depth-1\"  >Rond\u00f4nia<\/option><option value=\"Roraima\"  class=\"choice-26 depth-1\"  >Roraima<\/option><option value=\"Santa Catarina\"  class=\"choice-27 depth-1\"  >Santa Catarina<\/option><option value=\"S\u00e3o Paulo\"  class=\"choice-28 depth-1\"  >S\u00e3o Paulo<\/option><option value=\"Sergipe\"  class=\"choice-29 depth-1\"  >Sergipe<\/option><option value=\"Tocantins\"  class=\"choice-30 depth-1\"  >Tocantins<\/option><\/select><\/div><div id=\"wpforms-3894-field_7-container\" class=\"wpforms-field wpforms-field-text\" data-field-id=\"7\"><label class=\"wpforms-field-label\" for=\"wpforms-3894-field_7\">Cidade <span class=\"wpforms-required-label\" aria-hidden=\"true\">*<\/span><\/label><input type=\"text\" id=\"wpforms-3894-field_7\" class=\"wpforms-field-large wpforms-field-required\" name=\"wpforms[fields][7]\" aria-errormessage=\"wpforms-3894-field_7-error\" required><\/div><div id=\"wpforms-3894-field_8-container\" class=\"wpforms-field wpforms-field-text\" data-field-id=\"8\"><label class=\"wpforms-field-label\" for=\"wpforms-3894-field_8\">Empresa <span class=\"wpforms-required-label\" aria-hidden=\"true\">*<\/span><\/label><input type=\"text\" id=\"wpforms-3894-field_8\" class=\"wpforms-field-large wpforms-field-required\" name=\"wpforms[fields][8]\" aria-errormessage=\"wpforms-3894-field_8-error\" required><\/div><div id=\"wpforms-3894-field_9-container\" class=\"wpforms-field wpforms-field-text\" data-field-id=\"9\"><label class=\"wpforms-field-label\" for=\"wpforms-3894-field_9\">Cargo <span class=\"wpforms-required-label\" aria-hidden=\"true\">*<\/span><\/label><input type=\"text\" id=\"wpforms-3894-field_9\" class=\"wpforms-field-large wpforms-field-required\" name=\"wpforms[fields][9]\" aria-errormessage=\"wpforms-3894-field_9-error\" required><\/div><div id=\"wpforms-3894-field_37-container\" class=\"wpforms-field wpforms-field-html\" data-field-id=\"37\"><div id=\"wpforms-3894-field_37\" aria-errormessage=\"wpforms-3894-field_37-error\"><!DOCTYPE html>\r\n<html lang=\"pt-BR\">\r\n<head>\r\n<meta charset=\"UTF-8\"\/>\r\n<meta name=\"viewport\" content=\"width=device-width, initial-scale=1.0\"\/>\r\n<title>Quantidade de Inscri\u00e7\u00f5es por Cota<\/title>\r\n<\/head>\r\n<body style=\"font-family: Arial, sans-serif; background-color: #f4f4f4; margin: 20px; text-align: center;\">\r\n\r\n<h2 style=\"color: #2c3e50; font-size: 24px; margin-bottom: 20px; text-align: center;\">Quantidade de Inscri\u00e7\u00f5es por Cota<\/h2>\r\n\r\n<table style=\"width: 80%; max-width: 600px; margin: 0 auto; border-collapse: collapse; background-color: #ffffff; box-shadow: 0 4px 8px rgba(0, 0, 0, 0.1); border-radius: 8px; overflow: hidden; text-align: center;\">\r\n    <thead>\r\n        <tr style=\"background-color: #3498db; color: #ffffff;\">\r\n            <th style=\"border: 2px solid #2980b9; padding: 12px; font-weight: bold; text-align: center;\">Cota<\/th>\r\n            <th style=\"border: 2px solid #2980b9; padding: 12px; font-weight: bold; text-align: center;\">Expositor<\/th>\r\n            <th style=\"border: 2px solid #2980b9; padding: 12px; font-weight: bold; text-align: center;\">Staff<\/th>\r\n            <th style=\"border: 2px solid #2980b9; padding: 12px; font-weight: bold; text-align: center;\">Congressistas Clientes<\/th>\r\n        <\/tr>\r\n    <\/thead>\r\n    <tbody>\r\n        <tr style=\"background-color: #ecf0f1;\">\r\n            <td style=\"border: 2px solid #bdc3c7; padding: 10px; text-align: center;\">Cota Premium<\/td>\r\n            <td style=\"border: 2px solid #bdc3c7; padding: 10px; text-align: center;\">14<\/td>\r\n            <td style=\"border: 2px solid #bdc3c7; padding: 10px; text-align: center;\">4<\/td>\r\n            <td style=\"border: 2px solid #bdc3c7; padding: 10px; text-align: center;\">20<\/td>\r\n        <\/tr>\r\n        <tr style=\"background-color: #ffffff;\">\r\n            <td style=\"border: 2px solid #bdc3c7; padding: 10px; text-align: center;\">Cota Master<\/td>\r\n            <td style=\"border: 2px solid #bdc3c7; padding: 10px; text-align: center;\">10<\/td>\r\n            <td style=\"border: 2px solid #bdc3c7; padding: 10px; text-align: center;\">3<\/td>\r\n            <td style=\"border: 2px solid #bdc3c7; padding: 10px; text-align: center;\">15<\/td>\r\n        <\/tr>\r\n        <tr style=\"background-color: #ecf0f1;\">\r\n            <td style=\"border: 2px solid #bdc3c7; padding: 10px; text-align: center;\">Cota Ouro<\/td>\r\n            <td style=\"border: 2px solid #bdc3c7; padding: 10px; text-align: center;\">6<\/td>\r\n            <td style=\"border: 2px solid #bdc3c7; padding: 10px; text-align: center;\">2<\/td>\r\n            <td style=\"border: 2px solid #bdc3c7; padding: 10px; text-align: center;\">8<\/td>\r\n        <\/tr>\r\n        <tr style=\"background-color: #ffffff;\">\r\n            <td style=\"border: 2px solid #bdc3c7; padding: 10px; text-align: center;\">Cota Prata<\/td>\r\n            <td style=\"border: 2px solid #bdc3c7; padding: 10px; text-align: center;\">4<\/td>\r\n            <td style=\"border: 2px solid #bdc3c7; padding: 10px; text-align: center;\">0<\/td>\r\n            <td style=\"border: 2px solid #bdc3c7; padding: 10px; text-align: center;\">4<\/td>\r\n        <\/tr>\r\n        <tr style=\"background-color: #ecf0f1;\">\r\n            <td style=\"border: 2px solid #bdc3c7; padding: 10px; text-align: center;\">Cota Bronze<\/td>\r\n            <td style=\"border: 2px solid #bdc3c7; padding: 10px; text-align: center;\">3<\/td>\r\n            <td style=\"border: 2px solid #bdc3c7; padding: 10px; text-align: center;\">0<\/td>\r\n            <td style=\"border: 2px solid #bdc3c7; padding: 10px; text-align: center;\">2<\/td>\r\n        <\/tr>\r\n    <\/tbody>\r\n<\/table>\r\n\r\n<p style=\"color: #666; max-width: 600px; margin: 20px auto; font-style: italic; text-align: center;\">Obs: Pedimos encarecidamente que respeitem as quantidades estabelecidas por cota.<\/p>\r\n\r\n<\/body>\r\n<\/html><\/div><\/div><div id=\"wpforms-3894-field_35-container\" class=\"wpforms-field wpforms-field-select wpforms-field-select-style-classic\" data-field-id=\"35\"><label class=\"wpforms-field-label\" for=\"wpforms-3894-field_35\">Tipo <span class=\"wpforms-required-label\" aria-hidden=\"true\">*<\/span><\/label><select id=\"wpforms-3894-field_35\" class=\"wpforms-field-medium wpforms-field-required\" name=\"wpforms[fields][35]\" required=\"required\"><option value=\"Expositor\"  class=\"choice-1 depth-1\"  >Expositor<\/option><option value=\"Staff\"  class=\"choice-2 depth-1\"  >Staff<\/option><option value=\"Congressista Cliente\"  class=\"choice-3 depth-1\"  >Congressista Cliente<\/option><option value=\"Imprensa\"  class=\"choice-4 depth-1\"  >Imprensa<\/option><\/select><\/div><div id=\"wpforms-3894-field_16-container\" class=\"wpforms-field wpforms-field-checkbox\" data-field-id=\"16\"><fieldset><legend class=\"wpforms-field-label\">Termo de autoriza\u00e7\u00e3o para utiliza\u00e7\u00e3o de dados. <span class=\"wpforms-required-label\" aria-hidden=\"true\">*<\/span><\/legend><ul id=\"wpforms-3894-field_16\" class=\"wpforms-field-required\"><li class=\"choice-2 depth-1\"><input type=\"checkbox\" id=\"wpforms-3894-field_16_2\" name=\"wpforms[fields][16][]\" value=\"Declaro que concordo com o compartilhamento dos dados pessoais por mim disponibilizados neste ato de inscri\u00e7\u00e3o, os quais poder\u00e3o ser fornecidos pela ABEP-TIC aos seus associados, patrocinadores, palestrantes e expositores do SECOP 2025, para divulga\u00e7\u00e3o de material publicit\u00e1rio e veicula\u00e7\u00e3o das minhas imagens captadas durante o evento.  Autorizo este uso a t\u00edtulo gratuito, ciente de que meus dados ser\u00e3o tratados com seguran\u00e7a e em conformidade com a Lei Geral de Prote\u00e7\u00e3o de Dados (LGPD - Lei n\u00ba 13.709\/2018).  Estou ciente dos meus direitos como titular dos dados, incluindo acesso, corre\u00e7\u00e3o, elimina\u00e7\u00e3o, portabilidade e revoga\u00e7\u00e3o do consentimento, os quais posso exercer a qualquer tempo mediante solicita\u00e7\u00e3o formal \u00e0 ABEP-TIC.  Reconhe\u00e7o que a exclus\u00e3o dos dados e imagens solicitada n\u00e3o implica em direito a indeniza\u00e7\u00e3o por compartilhamentos j\u00e1 realizados at\u00e9 o momento do pedido.\" aria-errormessage=\"wpforms-3894-field_16_2-error\" required ><label class=\"wpforms-field-label-inline\" for=\"wpforms-3894-field_16_2\">Declaro que concordo com o compartilhamento dos dados pessoais por mim disponibilizados neste ato de inscri\u00e7\u00e3o, os quais poder\u00e3o ser fornecidos pela ABEP-TIC aos seus associados, patrocinadores, palestrantes e expositores do SECOP 2025, para divulga\u00e7\u00e3o de material publicit\u00e1rio e veicula\u00e7\u00e3o das minhas imagens captadas durante o evento.  Autorizo este uso a t\u00edtulo gratuito, ciente de que meus dados ser\u00e3o tratados com seguran\u00e7a e em conformidade com a Lei Geral de Prote\u00e7\u00e3o de Dados (LGPD - Lei n\u00ba 13.709\/2018).  Estou ciente dos meus direitos como titular dos dados, incluindo acesso, corre\u00e7\u00e3o, elimina\u00e7\u00e3o, portabilidade e revoga\u00e7\u00e3o do consentimento, os quais posso exercer a qualquer tempo mediante solicita\u00e7\u00e3o formal \u00e0 ABEP-TIC.  Reconhe\u00e7o que a exclus\u00e3o dos dados e imagens solicitada n\u00e3o implica em direito a indeniza\u00e7\u00e3o por compartilhamentos j\u00e1 realizados at\u00e9 o momento do pedido.<\/label><\/li><\/ul><\/fieldset><\/div><div id=\"wpforms-3894-field_33-container\" class=\"wpforms-field wpforms-field-pagebreak\" data-field-id=\"33\"><\/div><\/div><\/div><!-- .wpforms-field-container --><div class=\"wpforms-submit-container\" style=\"display:none;\"><input type=\"hidden\" name=\"wpforms[id]\" value=\"3894\"><input type=\"hidden\" name=\"page_title\" value=\"\"><input type=\"hidden\" name=\"page_url\" value=\"https:\/\/secop.org.br\/2025\/wp-json\/wp\/v2\/pages\/2712\"><input type=\"hidden\" name=\"url_referer\" value=\"\"><button type=\"submit\" name=\"wpforms[submit]\" id=\"wpforms-submit-3894\" class=\"wpforms-submit\" data-alt-text=\"Aguarde at\u00e9 o formul\u00e1rio ser enviado\" data-submit-text=\"Enviar\" aria-live=\"assertive\" value=\"wpforms-submit\">Enviar<\/button><img decoding=\"async\" src=\"https:\/\/secop.org.br\/2025\/wp-content\/plugins\/wpforms\/assets\/images\/submit-spin.svg\" class=\"wpforms-submit-spinner\" style=\"display: none;\" width=\"26\" height=\"26\" alt=\"Loading\"><\/div><\/form><\/div>  <!-- .wpforms-container --><\/div>\n\t\t\t\t\t\t<\/div>\n\t\t\t\t<\/div>\n\t\t\t\t\t<\/div>\n\t\t\t\t<\/div>\n\t\t\t\t<\/div>\n\t\t","protected":false},"excerpt":{"rendered":"<p>Inscri\u00e7\u00e3o de Patrocinadores Em manuten\u00e7\u00e3o!<\/p>\n","protected":false},"author":34,"featured_media":0,"parent":0,"menu_order":0,"comment_status":"closed","ping_status":"closed","template":"elementor_theme","meta":{"_eb_attr":"","footnotes":""},"class_list":["post-2712","page","type-page","status-publish","hentry"],"_links":{"self":[{"href":"https:\/\/secop.org.br\/2025\/wp-json\/wp\/v2\/pages\/2712","targetHints":{"allow":["GET"]}}],"collection":[{"href":"https:\/\/secop.org.br\/2025\/wp-json\/wp\/v2\/pages"}],"about":[{"href":"https:\/\/secop.org.br\/2025\/wp-json\/wp\/v2\/types\/page"}],"author":[{"embeddable":true,"href":"https:\/\/secop.org.br\/2025\/wp-json\/wp\/v2\/users\/34"}],"replies":[{"embeddable":true,"href":"https:\/\/secop.org.br\/2025\/wp-json\/wp\/v2\/comments?post=2712"}],"version-history":[{"count":175,"href":"https:\/\/secop.org.br\/2025\/wp-json\/wp\/v2\/pages\/2712\/revisions"}],"predecessor-version":[{"id":4293,"href":"https:\/\/secop.org.br\/2025\/wp-json\/wp\/v2\/pages\/2712\/revisions\/4293"}],"wp:attachment":[{"href":"https:\/\/secop.org.br\/2025\/wp-json\/wp\/v2\/media?parent=2712"}],"curies":[{"name":"wp","href":"https:\/\/api.w.org\/{rel}","templated":true}]}}